{"id":179,"date":"2017-06-04T04:36:38","date_gmt":"2017-06-04T04:36:38","guid":{"rendered":"http:\/\/hidrobey.com\/?page_id=179"},"modified":"2017-06-04T04:36:38","modified_gmt":"2017-06-04T04:36:38","slug":"asansor","status":"publish","type":"page","link":"http:\/\/hidrobey.com\/index.php\/asansor\/","title":{"rendered":"Asans\u00f6r"},"content":{"rendered":"<p>\u0130nsan asans\u00f6r\u00fc ,<br \/>\ny\u00fck asans\u00f6r\u00fc<br \/>\nsedye asans\u00f6r\u00fc<br \/>\nhidrolik asans\u00f6r<br \/>\ny\u00fck asans\u00f6r<br \/>\nara\u00e7 asans\u00f6r\u00fc<\/p>\n","protected":false},"excerpt":{"rendered":"<p>\u0130nsan asans\u00f6r\u00fc , y\u00fck asans\u00f6r\u00fc sedye asans\u00f6r\u00fc hidrolik asans\u00f6r y\u00fck asans\u00f6r ara\u00e7 asans\u00f6r\u00fc<\/p>\n","protected":false},"author":1,"featured_media":0,"parent":0,"menu_order":3,"comment_status":"closed","ping_status":"closed","template":"","meta":[],"_links":{"self":[{"href":"http:\/\/hidrobey.com\/index.php\/wp-json\/wp\/v2\/pages\/179"}],"collection":[{"href":"http:\/\/hidrobey.com\/index.php\/wp-json\/wp\/v2\/pages"}],"about":[{"href":"http:\/\/hidrobey.com\/index.php\/wp-json\/wp\/v2\/types\/page"}],"author":[{"embeddable":true,"href":"http:\/\/hidrobey.com\/index.php\/wp-json\/wp\/v2\/users\/1"}],"replies":[{"embeddable":true,"href":"http:\/\/hidrobey.com\/index.php\/wp-json\/wp\/v2\/comments?post=179"}],"version-history":[{"count":1,"href":"http:\/\/hidrobey.com\/index.php\/wp-json\/wp\/v2\/pages\/179\/revisions"}],"predecessor-version":[{"id":180,"href":"http:\/\/hidrobey.com\/index.php\/wp-json\/wp\/v2\/pages\/179\/revisions\/180"}],"wp:attachment":[{"href":"http:\/\/hidrobey.com\/index.php\/wp-json\/wp\/v2\/media?parent=179"}],"curies":[{"name":"wp","href":"https:\/\/api.w.org\/{rel}","templated":true}]}}