{"id":527,"date":"2017-12-22T19:08:22","date_gmt":"2017-12-22T19:08:22","guid":{"rendered":"http:\/\/hidrobey.com\/?page_id=527"},"modified":"2017-12-22T19:08:22","modified_gmt":"2017-12-22T19:08:22","slug":"urunlerimiz","status":"publish","type":"page","link":"http:\/\/hidrobey.com\/index.php\/urunlerimiz\/","title":{"rendered":"\u00dcr\u00fcnlerimiz"},"content":{"rendered":"<p>Hidrolik uygulamal\u0131 kald\u0131rma ve ta\u015f\u0131ma ekipmanlar\u0131 ile \u00e7\u00f6z\u00fcmler sunmaktay\u0131z.<\/p>\n<p>Market,villa,fabrikalar,y\u00fck\u00fcn oldu\u011fu her yerde biz var\u0131z.<\/p>\n<p>Y\u00fck asans\u00f6r\u00fc ,y\u00fck lifti<\/p>\n<p>Hidrolik asans\u00f6r<\/p>\n<p>Makasl\u0131 Platform, Makasl\u0131 Y\u00fck\u00a0 Platformu<\/p>\n<p>Engelli asans\u00f6r\u00fc<\/p>\n<p>Ara\u00e7 asans\u00f6r\u00fc<\/p>\n<p>\u0130ki katl\u0131 otopark<\/p>\n<p>Depo rampalar\u0131<\/p>\n<p>Hidrolik otomasyon<\/p>\n<p>&nbsp;<\/p>\n","protected":false},"excerpt":{"rendered":"<p>Hidrolik uygulamal\u0131 kald\u0131rma ve ta\u015f\u0131ma ekipmanlar\u0131 ile \u00e7\u00f6z\u00fcmler sunmaktay\u0131z. Market,villa,fabrikalar,y\u00fck\u00fcn oldu\u011fu her yerde biz var\u0131z. Y\u00fck asans\u00f6r\u00fc ,y\u00fck lifti Hidrolik asans\u00f6r Makasl\u0131 Platform, Makasl\u0131 Y\u00fck\u00a0 Platformu Engelli asans\u00f6r\u00fc Ara\u00e7 asans\u00f6r\u00fc \u0130ki katl\u0131 otopark Depo rampalar\u0131 Hidrolik otomasyon &nbsp;<\/p>\n","protected":false},"author":1,"featured_media":0,"parent":0,"menu_order":0,"comment_status":"closed","ping_status":"closed","template":"","meta":[],"_links":{"self":[{"href":"http:\/\/hidrobey.com\/index.php\/wp-json\/wp\/v2\/pages\/527"}],"collection":[{"href":"http:\/\/hidrobey.com\/index.php\/wp-json\/wp\/v2\/pages"}],"about":[{"href":"http:\/\/hidrobey.com\/index.php\/wp-json\/wp\/v2\/types\/page"}],"author":[{"embeddable":true,"href":"http:\/\/hidrobey.com\/index.php\/wp-json\/wp\/v2\/users\/1"}],"replies":[{"embeddable":true,"href":"http:\/\/hidrobey.com\/index.php\/wp-json\/wp\/v2\/comments?post=527"}],"version-history":[{"count":1,"href":"http:\/\/hidrobey.com\/index.php\/wp-json\/wp\/v2\/pages\/527\/revisions"}],"predecessor-version":[{"id":528,"href":"http:\/\/hidrobey.com\/index.php\/wp-json\/wp\/v2\/pages\/527\/revisions\/528"}],"wp:attachment":[{"href":"http:\/\/hidrobey.com\/index.php\/wp-json\/wp\/v2\/media?parent=527"}],"curies":[{"name":"wp","href":"https:\/\/api.w.org\/{rel}","templated":true}]}}